{"id":7490,"date":"2022-02-17T16:20:56","date_gmt":"2022-02-17T15:20:56","guid":{"rendered":"https:\/\/zinegoak.com\/?page_id=7490"},"modified":"2022-02-23T13:38:36","modified_gmt":"2022-02-23T12:38:36","slug":"masterclass-zgpro-2022","status":"publish","type":"page","link":"https:\/\/zinegoak.com\/EU\/masterclass-zgpro-2022\/","title":{"rendered":"MASTERCLASS ZGPRO 2022"},"content":{"rendered":"<div class=\"wpb-content-wrapper\"><p>[vc_row][vc_column][vc_single_image image=&#8221;7150&#8243; img_size=&#8221;full&#8221;][vc_column_text]<\/p>\n<h1 style=\"text-align: center;\"><span style=\"color: #fc8686;\"><strong>MASTERCLASS ZGPRO 2022<\/strong><\/span><\/h1>\n<p>[\/vc_column_text][\/vc_column][\/vc_row][vc_row][vc_column width=&#8221;1\/4&#8243;][vc_column_text]<b>TARTANGA<\/b><\/p>\n<p><b>Martxoak 2 \/\u00a0<\/b><b>Eguaztena\u00a0 \u00a0 \u00a0\u00a0<\/b><\/p>\n<p><b>10:00-11:30<\/b>[\/vc_column_text][\/vc_column][vc_column width=&#8221;3\/4&#8243;][vc_column_text]<\/p>\n<h2><b>Pertsonaia\u00a0<\/b><b>trans\u00a0<\/b><b>trataera sorkuntza zinematografikoko disziplina desberdinetan.<\/b><\/h2>\n<p>[\/vc_column_text][\/vc_column][\/vc_row][vc_row][vc_column width=&#8221;1\/4&#8243;][vc_single_image image=&#8221;7492&#8243; img_size=&#8221;full&#8221; alignment=&#8221;center&#8221;][\/vc_column][vc_column width=&#8221;3\/4&#8243;][vc_column_text]<strong>CECILIA MONTAGUT<\/strong><\/p>\n<p><span style=\"font-weight: 400;\">Madrilen bizi den argentinar zinemagilea. <\/span><i><span style=\"font-weight: 400;\">Memoria y sexualidad de las mujeres bajo el franquismo<\/span><\/i><span style=\"font-weight: 400;\"> (2010) eta <\/span><i><span style=\"font-weight: 400;\">C\u00e1rceles bolleras. Resistencias de las mujeres entre las rejas <\/span><\/i><span style=\"font-weight: 400;\">(2018) dokumentalak zuzendu ditu. Bere proiektu berria, <\/span><i><span style=\"font-weight: 400;\">Las chicas del pol\u00edgono,<\/span><\/i><span style=\"font-weight: 400;\"> 2020ko Queercinelab laborategian hautatua izan zen eta 2021eko ZG\/PROren WIP saria irabazi zuen.<\/span><\/p>\n<p>[\/vc_column_text][\/vc_column][\/vc_row][vc_row][vc_column width=&#8221;1\/4&#8243;][vc_single_image image=&#8221;7494&#8243; img_size=&#8221;full&#8221; alignment=&#8221;center&#8221;][\/vc_column][vc_column width=&#8221;3\/4&#8243;][vc_column_text]<\/p>\n<p><strong>ADRI\u00c1N SILVESTRE<\/strong><\/p>\n<p><span style=\"font-weight: 400;\">Valentziako zinema zuzendaria eta ekoizlea. Ibilbide luzeko filmak zuzendu ditu, hala nola <\/span><i><span style=\"font-weight: 400;\">Los objetos amorosos, Sedimentos <\/span><\/i><span style=\"font-weight: 400;\">(2020ean ZG PRO irabazi zuen) eta <\/span><i><span style=\"font-weight: 400;\">Mi vac\u00edo y yo<\/span><\/i><span style=\"font-weight: 400;\"> Rotterdameko Zinema Jaialdian estreinatu du.<\/span>[\/vc_column_text][\/vc_column][\/vc_row][vc_row][vc_column][vc_separator color=&#8221;juicy_pink&#8221;][\/vc_column][\/vc_row][vc_row][vc_column width=&#8221;1\/4&#8243;][vc_column_text]<b>ECPV\u00a0<\/b><\/p>\n<p><b>Martxoak 3 \/\u00a0<\/b><b>Osteguna\u00a0 \u00a0 \u00a0\u00a0<\/b><\/p>\n<p><b>10:00-11:30<\/b>[\/vc_column_text][\/vc_column][vc_column width=&#8221;3\/4&#8243;][vc_column_text]<\/p>\n<h2><b>Proiektuak finantzatzeko aukerak MEDIA eta NAEN Eurorregiotik.<\/b><\/h2>\n<p>[\/vc_column_text][\/vc_column][\/vc_row][vc_row][vc_column width=&#8221;1\/4&#8243;][vc_single_image image=&#8221;7495&#8243; img_size=&#8221;full&#8221; alignment=&#8221;center&#8221;][\/vc_column][vc_column width=&#8221;3\/4&#8243;][vc_column_text]<strong>AINHOA GONZALEZ SANCHIZ<\/strong><\/p>\n<p><span style=\"font-weight: 400;\">Europa Creativa Desk MEDIA Euskadiren bulegoko arduraduna. Europako nazioarteko merkatu garrantzitsuenetan hartu du parte (EFM de la Berlinale, MIPTV, MIPCOM, March\u00e9 du Film del Festival de Cannes, When East MeetsWest, Series Mania), eta Euskal Herriko eta Europako zinema arloko profesionalenartean berrikuntzako tailerrak eta jardunaldiak antolatu ditu.<\/span><\/p>\n<p>[\/vc_column_text][\/vc_column][\/vc_row][vc_row][vc_column width=&#8221;1\/4&#8243;][vc_single_image image=&#8221;7499&#8243; img_size=&#8221;full&#8221; alignment=&#8221;center&#8221;][\/vc_column][vc_column width=&#8221;3\/4&#8243;][vc_column_text]<\/p>\n<p><strong>MAR IZQUIERDO<\/strong><\/p>\n<p><span style=\"font-weight: 400;\">2021ean, Zineuskadin lanean hasi zen koordinatzaile gisa, eta, besteak beste, Zinema Euskaraz proiektua bezalako laguntzak kudeatzen ditu.<\/span><\/p>\n<p><b>Martxoak 2 \/\u00a0<\/b><b>Asteazkena\u00a0 \u00a0 \u00a0\u00a0<\/b><\/p>\n<p><b>10:00-11:00<\/b>[\/vc_column_text][\/vc_column][vc_column width=&#8221;3\/4&#8243;][vc_column_text]<\/p>\n<h2><b>Obraren ekoizpenaren, zuzendaritzaren eta banaketaren autogestioa. Sexualitate esplizitua nola landu zineman.<\/b><\/h2>\n<p>[\/vc_column_text][\/vc_column][\/vc_row][vc_row][vc_column width=&#8221;1\/4&#8243;][vc_single_image image=&#8221;7493&#8243; img_size=&#8221;full&#8221; alignment=&#8221;center&#8221;][\/vc_column][vc_column width=&#8221;3\/4&#8243;][vc_column_text]<strong>NOEL ALEJANDRO<\/strong><\/p>\n<p><span style=\"font-weight: 400;\">Berlinen bizi den zinegile espainiarra helduen zinemaren erreferentea da. Bere lanik adierazgarrienen artean <\/span><i><span style=\"font-weight: 400;\">Serodiscordantes<\/span><\/i><span style=\"font-weight: 400;\"> (2019), <\/span><i><span style=\"font-weight: 400;\">The Seed <\/span><\/i><span style=\"font-weight: 400;\">(2018) eta <\/span><i><span style=\"font-weight: 400;\">Call Me a Ghost<\/span><\/i><span style=\"font-weight: 400;\"> (2017) daude.<\/span><\/p>\n<p><span style=\"font-weight: 400;\">Cineasta espa\u00f1ol y referente del cine adulto, afincado en Berl\u00ed\u00adn.Entre sus trabajos m\u00e1s representativos se encuentran <\/span><i><span style=\"font-weight: 400;\">Serodiscordantes<\/span><\/i><span style=\"font-weight: 400;\"> (2019), <\/span><i><span style=\"font-weight: 400;\">The Seed <\/span><\/i><span style=\"font-weight: 400;\">(2018) y <\/span><i><span style=\"font-weight: 400;\">Call Me a Ghost<\/span><\/i><span style=\"font-weight: 400;\"> (2017).<\/span>[\/vc_column_text][\/vc_column][\/vc_row][vc_row][vc_column][vc_separator color=&#8221;juicy_pink&#8221;][\/vc_column][\/vc_row][vc_row][vc_column width=&#8221;1\/4&#8243;][vc_column_text]<b>ECCBI <\/b><\/p>\n<p><b>4 de marzo \/ Viernes<\/b><\/p>\n<p><b>09:00-10:30<\/b>[\/vc_column_text][\/vc_column][vc_column width=&#8221;3\/4&#8243;][vc_column_text]<\/p>\n<h2><b>Music Library &amp; SFX e Incoproductions bezalako <\/b><b>online merkatuek dituzten aukerak sortze-prozesuan dauden proiektuak burutzeko aukerak aztertuko dira, eta musika plataformak aztertuko dira.<\/b><\/h2>\n<p>Kontuan hartu beharreko elementuak eta musika-baliabideak.<\/p>\n<p>[\/vc_column_text][\/vc_column][\/vc_row][vc_row][vc_column width=&#8221;1\/4&#8243;][vc_single_image image=&#8221;7496&#8243; img_size=&#8221;full&#8221; alignment=&#8221;center&#8221;][\/vc_column][vc_column width=&#8221;3\/4&#8243;][vc_column_text]<strong>CAROLINA BARCO<\/strong><\/p>\n<p><span style=\"font-weight: 400;\">Entzuteko eta istorioak kontatzeko grinaz, duela urte batzuk incoproduction.com sortu zuen, ikus-entzunezko matchmaking plataforma, industriako profesionalen artean negozioa sortzeko eta, horrela, mundu osoko ikus-entzunezko proiektuak errealitate bihurtzeko.<\/span><\/p>\n<p>&nbsp;<\/p>\n<p>[\/vc_column_text][\/vc_column][\/vc_row][vc_row][vc_column width=&#8221;1\/4&#8243;][vc_single_image image=&#8221;7491&#8243; img_size=&#8221;full&#8221; alignment=&#8221;center&#8221;][\/vc_column][vc_column width=&#8221;3\/4&#8243;][vc_column_text]<\/p>\n<p><strong>PETER STEPHENS<\/strong><\/p>\n<p><span style=\"font-weight: 400;\">Socio de Music Library &amp; SFX, subeditor y representante en exclusiva para Espa\u00f1a del cat\u00e1logo de m\u00fasica de producco\u00f3n de Audio Network. Trabaja en la gesti\u00f3n de colaboraciones, la participaci\u00f3n de ML&amp;SFX\/Acorde (divisi\u00f3n de supervisi\u00f3n musical) en eventos y el desarrollo del cat\u00e1logo musical AltMusic.<\/span><\/p>\n<p>[\/vc_column_text][\/vc_column][\/vc_row]<\/p>\n<\/div>","protected":false},"excerpt":{"rendered":"<p>[vc_row][vc_column][vc_single_image image=&#8221;7150&#8243; img_size=&#8221;full&#8221;][vc_column_text] MASTERCLASS ZGPRO 2022 [\/vc_column_text][\/vc_column][\/vc_row][vc_row][vc_column width=&#8221;1\/4&#8243;][vc_column_text]TARTANGA Martxoak 2 \/\u00a0Eguaztena\u00a0 \u00a0 \u00a0\u00a0 10:00-11:30[\/vc_column_text][\/vc_column][vc_column width=&#8221;3\/4&#8243;][vc_column_text] Pertsonaia\u00a0trans\u00a0trataera sorkuntza zinematografikoko disziplina desberdinetan. [\/vc_column_text][\/vc_column][\/vc_row][vc_row][vc_column width=&#8221;1\/4&#8243;][vc_single_image image=&#8221;7492&#8243; img_size=&#8221;full&#8221; alignment=&#8221;center&#8221;][\/vc_column][vc_column width=&#8221;3\/4&#8243;][vc_column_text]CECILIA MONTAGUT Madrilen bizi den argentinar zinemagilea. Memoria y sexualidad de las mujeres bajo el franquismo (2010) eta C\u00e1rceles bolleras. Resistencias de las mujeres entre las rejas (2018) dokumentalak zuzendu [&hellip;]<\/p>\n","protected":false},"author":1,"featured_media":0,"parent":0,"menu_order":0,"comment_status":"closed","ping_status":"closed","template":"","meta":{"footnotes":""},"class_list":["post-7490","page","type-page","status-publish","hentry"],"_links":{"self":[{"href":"https:\/\/zinegoak.com\/EU\/wp-json\/wp\/v2\/pages\/7490","targetHints":{"allow":["GET"]}}],"collection":[{"href":"https:\/\/zinegoak.com\/EU\/wp-json\/wp\/v2\/pages"}],"about":[{"href":"https:\/\/zinegoak.com\/EU\/wp-json\/wp\/v2\/types\/page"}],"author":[{"embeddable":true,"href":"https:\/\/zinegoak.com\/EU\/wp-json\/wp\/v2\/users\/1"}],"replies":[{"embeddable":true,"href":"https:\/\/zinegoak.com\/EU\/wp-json\/wp\/v2\/comments?post=7490"}],"version-history":[{"count":10,"href":"https:\/\/zinegoak.com\/EU\/wp-json\/wp\/v2\/pages\/7490\/revisions"}],"predecessor-version":[{"id":7781,"href":"https:\/\/zinegoak.com\/EU\/wp-json\/wp\/v2\/pages\/7490\/revisions\/7781"}],"wp:attachment":[{"href":"https:\/\/zinegoak.com\/EU\/wp-json\/wp\/v2\/media?parent=7490"}],"curies":[{"name":"wp","href":"https:\/\/api.w.org\/{rel}","templated":true}]}}

<div class="wpb-content-wrapper"><p>[vc_row][vc_column][vc_single_image image=&#8221;7150&#8243; img_size=&#8221;full&#8221;][vc_column_text]</p>
<h1 style="text-align: center;"><span style="color: #fc8686;"><strong>MASTERCLASS ZGPRO 2022</strong></span></h1>
<p>[/vc_column_text][/vc_column][/vc_row][vc_row][vc_column width=&#8221;1/4&#8243;][vc_column_text]<b>TARTANGA</b></p>
<p><b>Martxoak 2 / </b><b>Eguaztena      </b></p>
<p><b>10:00-11:30</b>[/vc_column_text][/vc_column][vc_column width=&#8221;3/4&#8243;][vc_column_text]</p>
<h2><b>Pertsonaia </b><b>trans </b><b>trataera sorkuntza zinematografikoko disziplina desberdinetan.</b></h2>
<p>[/vc_column_text][/vc_column][/vc_row][vc_row][vc_column width=&#8221;1/4&#8243;][vc_single_image image=&#8221;7492&#8243; img_size=&#8221;full&#8221; alignment=&#8221;center&#8221;][/vc_column][vc_column width=&#8221;3/4&#8243;][vc_column_text]<strong>CECILIA MONTAGUT</strong></p>
<p><span style="font-weight: 400;">Madrilen bizi den argentinar zinemagilea. </span><i><span style="font-weight: 400;">Memoria y sexualidad de las mujeres bajo el franquismo</span></i><span style="font-weight: 400;"> (2010) eta </span><i><span style="font-weight: 400;">Cárceles bolleras. Resistencias de las mujeres entre las rejas </span></i><span style="font-weight: 400;">(2018) dokumentalak zuzendu ditu. Bere proiektu berria, </span><i><span style="font-weight: 400;">Las chicas del polígono,</span></i><span style="font-weight: 400;"> 2020ko Queercinelab laborategian hautatua izan zen eta 2021eko ZG/PROren WIP saria irabazi zuen.</span></p>
<p>[/vc_column_text][/vc_column][/vc_row][vc_row][vc_column width=&#8221;1/4&#8243;][vc_single_image image=&#8221;7494&#8243; img_size=&#8221;full&#8221; alignment=&#8221;center&#8221;][/vc_column][vc_column width=&#8221;3/4&#8243;][vc_column_text]</p>
<p><strong>ADRIÁN SILVESTRE</strong></p>
<p><span style="font-weight: 400;">Valentziako zinema zuzendaria eta ekoizlea. Ibilbide luzeko filmak zuzendu ditu, hala nola </span><i><span style="font-weight: 400;">Los objetos amorosos, Sedimentos </span></i><span style="font-weight: 400;">(2020ean ZG PRO irabazi zuen) eta </span><i><span style="font-weight: 400;">Mi vacío y yo</span></i><span style="font-weight: 400;"> Rotterdameko Zinema Jaialdian estreinatu du.</span>[/vc_column_text][/vc_column][/vc_row][vc_row][vc_column][vc_separator color=&#8221;juicy_pink&#8221;][/vc_column][/vc_row][vc_row][vc_column width=&#8221;1/4&#8243;][vc_column_text]<b>ECPV </b></p>
<p><b>Martxoak 3 / </b><b>Osteguna      </b></p>
<p><b>10:00-11:30</b>[/vc_column_text][/vc_column][vc_column width=&#8221;3/4&#8243;][vc_column_text]</p>
<h2><b>Proiektuak finantzatzeko aukerak MEDIA eta NAEN Eurorregiotik.</b></h2>
<p>[/vc_column_text][/vc_column][/vc_row][vc_row][vc_column width=&#8221;1/4&#8243;][vc_single_image image=&#8221;7495&#8243; img_size=&#8221;full&#8221; alignment=&#8221;center&#8221;][/vc_column][vc_column width=&#8221;3/4&#8243;][vc_column_text]<strong>AINHOA GONZALEZ SANCHIZ</strong></p>
<p><span style="font-weight: 400;">Europa Creativa Desk MEDIA Euskadiren bulegoko arduraduna. Europako nazioarteko merkatu garrantzitsuenetan hartu du parte (EFM de la Berlinale, MIPTV, MIPCOM, Marché du Film del Festival de Cannes, When East MeetsWest, Series Mania), eta Euskal Herriko eta Europako zinema arloko profesionalenartean berrikuntzako tailerrak eta jardunaldiak antolatu ditu.</span></p>
<p>[/vc_column_text][/vc_column][/vc_row][vc_row][vc_column width=&#8221;1/4&#8243;][vc_single_image image=&#8221;7499&#8243; img_size=&#8221;full&#8221; alignment=&#8221;center&#8221;][/vc_column][vc_column width=&#8221;3/4&#8243;][vc_column_text]</p>
<p><strong>MAR IZQUIERDO</strong></p>
<p><span style="font-weight: 400;">2021ean, Zineuskadin lanean hasi zen koordinatzaile gisa, eta, besteak beste, Zinema Euskaraz proiektua bezalako laguntzak kudeatzen ditu.</span></p>
<p><b>Martxoak 2 / </b><b>Asteazkena      </b></p>
<p><b>10:00-11:00</b>[/vc_column_text][/vc_column][vc_column width=&#8221;3/4&#8243;][vc_column_text]</p>
<h2><b>Obraren ekoizpenaren, zuzendaritzaren eta banaketaren autogestioa. Sexualitate esplizitua nola landu zineman.</b></h2>
<p>[/vc_column_text][/vc_column][/vc_row][vc_row][vc_column width=&#8221;1/4&#8243;][vc_single_image image=&#8221;7493&#8243; img_size=&#8221;full&#8221; alignment=&#8221;center&#8221;][/vc_column][vc_column width=&#8221;3/4&#8243;][vc_column_text]<strong>NOEL ALEJANDRO</strong></p>
<p><span style="font-weight: 400;">Berlinen bizi den zinegile espainiarra helduen zinemaren erreferentea da. Bere lanik adierazgarrienen artean </span><i><span style="font-weight: 400;">Serodiscordantes</span></i><span style="font-weight: 400;"> (2019), </span><i><span style="font-weight: 400;">The Seed </span></i><span style="font-weight: 400;">(2018) eta </span><i><span style="font-weight: 400;">Call Me a Ghost</span></i><span style="font-weight: 400;"> (2017) daude.</span></p>
<p><span style="font-weight: 400;">Cineasta español y referente del cine adulto, afincado en Berlí­n.Entre sus trabajos más representativos se encuentran </span><i><span style="font-weight: 400;">Serodiscordantes</span></i><span style="font-weight: 400;"> (2019), </span><i><span style="font-weight: 400;">The Seed </span></i><span style="font-weight: 400;">(2018) y </span><i><span style="font-weight: 400;">Call Me a Ghost</span></i><span style="font-weight: 400;"> (2017).</span>[/vc_column_text][/vc_column][/vc_row][vc_row][vc_column][vc_separator color=&#8221;juicy_pink&#8221;][/vc_column][/vc_row][vc_row][vc_column width=&#8221;1/4&#8243;][vc_column_text]<b>ECCBI </b></p>
<p><b>4 de marzo / Viernes</b></p>
<p><b>09:00-10:30</b>[/vc_column_text][/vc_column][vc_column width=&#8221;3/4&#8243;][vc_column_text]</p>
<h2><b>Music Library &amp; SFX e Incoproductions bezalako </b><b>online merkatuek dituzten aukerak sortze-prozesuan dauden proiektuak burutzeko aukerak aztertuko dira, eta musika plataformak aztertuko dira.</b></h2>
<p>Kontuan hartu beharreko elementuak eta musika-baliabideak.</p>
<p>[/vc_column_text][/vc_column][/vc_row][vc_row][vc_column width=&#8221;1/4&#8243;][vc_single_image image=&#8221;7496&#8243; img_size=&#8221;full&#8221; alignment=&#8221;center&#8221;][/vc_column][vc_column width=&#8221;3/4&#8243;][vc_column_text]<strong>CAROLINA BARCO</strong></p>
<p><span style="font-weight: 400;">Entzuteko eta istorioak kontatzeko grinaz, duela urte batzuk incoproduction.com sortu zuen, ikus-entzunezko matchmaking plataforma, industriako profesionalen artean negozioa sortzeko eta, horrela, mundu osoko ikus-entzunezko proiektuak errealitate bihurtzeko.</span></p>
<p>&nbsp;</p>
<p>[/vc_column_text][/vc_column][/vc_row][vc_row][vc_column width=&#8221;1/4&#8243;][vc_single_image image=&#8221;7491&#8243; img_size=&#8221;full&#8221; alignment=&#8221;center&#8221;][/vc_column][vc_column width=&#8221;3/4&#8243;][vc_column_text]</p>
<p><strong>PETER STEPHENS</strong></p>
<p><span style="font-weight: 400;">Socio de Music Library &amp; SFX, subeditor y representante en exclusiva para España del catálogo de música de produccoón de Audio Network. Trabaja en la gestión de colaboraciones, la participación de ML&amp;SFX/Acorde (división de supervisión musical) en eventos y el desarrollo del catálogo musical AltMusic.</span></p>
<p>[/vc_column_text][/vc_column][/vc_row]</p>
</div>

<p>[vc_row][vc_column][vc_single_image image=&#8221;7150&#8243; img_size=&#8221;full&#8221;][vc_column_text] MASTERCLASS ZGPRO 2022 [/vc_column_text][/vc_column][/vc_row][vc_row][vc_column width=&#8221;1/4&#8243;][vc_column_text]TARTANGA Martxoak 2 / Eguaztena       10:00-11:30[/vc_column_text][/vc_column][vc_column width=&#8221;3/4&#8243;][vc_column_text] Pertsonaia trans trataera sorkuntza zinematografikoko disziplina desberdinetan. [/vc_column_text][/vc_column][/vc_row][vc_row][vc_column width=&#8221;1/4&#8243;][vc_single_image image=&#8221;7492&#8243; img_size=&#8221;full&#8221; alignment=&#8221;center&#8221;][/vc_column][vc_column width=&#8221;3/4&#8243;][vc_column_text]CECILIA MONTAGUT Madrilen bizi den argentinar zinemagilea. Memoria y sexualidad de las mujeres bajo el franquismo (2010) eta Cárceles bolleras. Resistencias de las mujeres entre las rejas (2018) dokumentalak zuzendu [&hellip;]</p>
