{"id":9172,"date":"2023-06-19T13:12:26","date_gmt":"2023-06-19T11:12:26","guid":{"rendered":"https:\/\/zinegoak.com\/?page_id=9172"},"modified":"2023-06-20T09:02:26","modified_gmt":"2023-06-20T07:02:26","slug":"eus-zgpro_wip","status":"publish","type":"page","link":"https:\/\/zinegoak.com\/en\/eus-zgpro_wip\/","title":{"rendered":"zgpro_WIP"},"content":{"rendered":"<div class=\"wpb-content-wrapper\"><p>[vc_row][vc_column][vc_single_image image=&#8221;9173&#8243; img_size=&#8221;full&#8221; alignment=&#8221;center&#8221;][\/vc_column][\/vc_row][vc_row][vc_column][vc_column_text]<\/p>\n<p class=\"p1\">ZG\/PRO WIP 2023 will present two important matters before the pitching sessions.<\/p>\n<p class=\"p1\">To start, DAMA\u2014Spanish management entity specialized in the collection, management and distribution of rights of audiovisual media authors\u2014will present a master class about the relationship between rights management and film production.<\/p>\n<p class=\"p1\">Secondly, the <i>First Report on Sexual, Identity and Gender Diversity in Contemporary Basque Audiovisual<\/i>\u2014made by Zinegoak Elkartea Association for the Directorate of Cultural Promotion of the Basque Government\u2014will be presented. It is a basic tool to to carry out a realistic diagnosis of LGTBIQ+ representations in audiovisual platforms and to be able to assess their future evolution.<\/p>\n<p class=\"p1\">After these presentations, the ZG\/PRO Award selected in-production projects\u2014granted by the Jury, made up of professionals from the film sector\u2014will be pitched. These projects are also eligible for the Music Post-Production Award, awarded by Music Library &amp; SFX, which consists of a flat fee with access to the AudioNetwork and AltMusic production catalogues, as well as 360\u00ba Accord Music Supervision services; discounts on commercial music rights negotiation charges and the provision of studios and SFX. The prize will be awarded by the Jury ZG\/PRO WIP 2023 consisting of \u20ac1,500 and granted by Music Library &amp; SFX.<\/p>\n<p>[\/vc_column_text][vc_separator color=&#8221;custom&#8221; accent_color=&#8221;#e18ee2&#8243;][vc_column_text]<\/p>\n<h2 style=\"text-align: center;\"><a href=\"#txostena\">REPORT<\/a> \u2022 <a href=\"#epaimahaia\">JURY<\/a> \u2022 <a href=\"#proiektuak\">PROJECTS<\/a><\/h2>\n<p>[\/vc_column_text][vc_separator color=&#8221;custom&#8221; accent_color=&#8221;#e18ee2&#8243;][\/vc_column][\/vc_row][vc_row][vc_column][vc_custom_heading text=&#8221;First Report on Sexual, Identity and Gender Diversity in Contemporary Basque Audiovisuals<br \/>\n&#8221; font_container=&#8221;tag:h1|font_size:40|text_align:center|color:%23ed84cf&#8221; google_fonts=&#8221;font_family:Montserrat%3Aregular%2C700|font_style:700%20bold%20regular%3A700%3Anormal&#8221; el_id=&#8221;txostena&#8221;][vc_column_text]<\/p>\n<p class=\"p1\"><span class=\"s1\">For some time, Zinegoak association\u2014responsible for the Bilbao International Gaylesbitrans Film and Performing Arts Festival\u2014has been trying to develop a tool that brings concrete and systematized information about the representation of sexual diversity, identity and gender in audiovisual production.<\/span><\/p>\n<p class=\"p1\"><span class=\"s1\">Thanks to the initiative of the Department of Culture and Linguistic Policy of the Basque Government, Zinegoak carried out this first study on the representation of diversity in the Basque audiovisual panorama from a gender perspective and an intersectional perspective. This will allow us to offer a first snapshot of how diversity is reflected in Basque audiovisual.<\/span><\/p>\n<p class=\"p1\"><span class=\"s1\">This study covers the years 2020, 2021 and 2022 in order to have a larger sample and obtain a comparative framework that will allows us to observe, year after year, how this representation evolves.<\/span><\/p>\n<p class=\"p1\"><span class=\"s1\">We hope that this tool will be useful to institutions, producers, audiovisual artists and other agents responsible for audiovisual content involved also in its production in order to carry to audiovisual platforms, storiestellers, references, and individuals, an increasingly adjusted vision of sexual diversity, identity and gender.<\/span><\/p>\n<p class=\"p1\"><span class=\"s1\">We invite you to the presentation of this tool within the framework of the ZG\/PRO professional days. You can also read it in our website.<\/span><\/p>\n<p>[\/vc_column_text][vc_separator color=&#8221;custom&#8221; accent_color=&#8221;#e18ee2&#8243;][\/vc_column][\/vc_row][vc_row][vc_column][vc_custom_heading text=&#8221;Jury&#8221; font_container=&#8221;tag:h1|font_size:40|text_align:center|color:%23ed84cf&#8221; google_fonts=&#8221;font_family:Montserrat%3Aregular%2C700|font_style:700%20bold%20regular%3A700%3Anormal&#8221; el_id=&#8221;epaimahaia&#8221;][vc_row_inner][vc_column_inner width=&#8221;1\/4&#8243;][vc_single_image image=&#8221;9016&#8243; img_size=&#8221;full&#8221;][\/vc_column_inner][vc_column_inner width=&#8221;3\/4&#8243;][vc_column_text]<\/p>\n<h2 class=\"p1\"><b>Izaskun Arandia<\/b><\/h2>\n<p class=\"p1\"><span class=\"s1\">With extensive experience in film and television production, Arandia worked for well-known media companies in the UK (TwoFour, Discovery Channel, BAFTA) before founding IZAR Films in 2010, and produced and wrote her first feature film documentary <i>\u201cTo Say Goodbye\u201d<\/i><\/span><span class=\"s2\"><i>,<\/i><\/span><span class=\"s1\"> Premiered at the SSIFF &#8211; San Sebasti\u00e1n International Film Festival. Based in the Basque Country since 2013, Izaskun has produced and directed several short films, and has produced 7 feature length documentaries such as the multi award-winning <i>Non dago Mikel?<\/i> (<i>Where is Mikel?,<\/i> 2020). Along with Gehitu Association she directed the web series<i> Ni naiz naizena (I Am Who I Am)<\/i> that earned several international awards. She currently teaches at Mondrag\u00f3n University and Premiered her debut feature film <\/span><span class=\"s2\"><i>My Way Out<\/i><\/span><span class=\"s1\"> on March 31 2023.<\/span><\/p>\n<p>[\/vc_column_text][\/vc_column_inner][\/vc_row_inner][vc_row_inner][vc_column_inner width=&#8221;1\/4&#8243;][vc_single_image image=&#8221;9013&#8243; img_size=&#8221;full&#8221;][\/vc_column_inner][vc_column_inner width=&#8221;3\/4&#8243;][vc_column_text]<\/p>\n<h2 class=\"p1\"><b>Ainhoa Gonz\u00e1lez Sanchiz<\/b><\/h2>\n<p class=\"p1\"><span class=\"s1\">Head for Creative Europe Desk MEDIA Euskadi\u2019s office from where she works in the promotion of Basque cinema. She has participated in the most important international markets of Europe and has been actively involved in organizing innovative and active presentations\/workshops \u2013 important tools for education and networking \u2013 between Basque but also European film professionals.<\/span><\/p>\n<p>[\/vc_column_text][\/vc_column_inner][\/vc_row_inner][vc_row_inner][vc_column_inner width=&#8221;1\/4&#8243;][vc_single_image image=&#8221;7501&#8243; img_size=&#8221;full&#8221;][\/vc_column_inner][vc_column_inner width=&#8221;3\/4&#8243;][vc_column_text]<\/p>\n<h2 class=\"p1\"><b>Priscila Robledo<\/b><\/h2>\n<p class=\"p1\"><span class=\"s1\">Since January 2023 co-artistic director of MiX International LGTBIQ+ Film Festival and Queer Culture in Milan, she has been working for MiX Fest since 2018 as programmer, international relations manager, sponsorship manager and producer; programmer for Immaginaria film festival; producer of documentaries (<i>La Bufera<\/i>, 2019; <i>Le ali non sono in vendita<\/i>, 2021). She is also involved in the industry workshops of Milano Film Network. When she is not working for the film festival industry, she works as a legal sustainability consultant.<\/span><\/p>\n<p>[\/vc_column_text][\/vc_column_inner][\/vc_row_inner][vc_row_inner][vc_column_inner width=&#8221;1\/4&#8243;][vc_single_image image=&#8221;9021&#8243; img_size=&#8221;full&#8221;][\/vc_column_inner][vc_column_inner width=&#8221;3\/4&#8243;][vc_column_text]<\/p>\n<h2 class=\"p1\"><b>Peter Stephens<\/b><\/h2>\n<p class=\"p1\"><span class=\"s1\">Partner of Music Library &amp;SFX, sub-editor and exclusive representative for Spain of the Audio Networkproduction music catalogue. Experienced project coordinator, among his contributions stands out the management of collaborations, his involvement in ML&amp;SFX\/Acorde (music supervision division) events and the development of the AltMusic catalog. Through the publishing and production company AltContent, he is co-producer of the documentary <i>My Way Out<\/i>, by Izaskun Arandia, released in cinemas in March 2023.<\/span><\/p>\n<p>[\/vc_column_text][\/vc_column_inner][\/vc_row_inner][vc_separator color=&#8221;custom&#8221; accent_color=&#8221;#e18ee2&#8243;][\/vc_column][\/vc_row][vc_row][vc_column][vc_custom_heading text=&#8221;Projects&#8221; font_container=&#8221;tag:h1|font_size:40|text_align:center|color:%23ed84cf&#8221; google_fonts=&#8221;font_family:Montserrat%3Aregular%2C700|font_style:700%20bold%20regular%3A700%3Anormal&#8221; el_id=&#8221;proiektuak&#8221;][vc_row_inner][vc_column_inner width=&#8221;1\/4&#8243;][vc_single_image image=&#8221;9176&#8243; img_size=&#8221;full&#8221;][vc_column_text]<\/p>\n<p class=\"p1\"><b>Zuz<\/b><\/p>\n<p class=\"p2\">Egoitz Arbiol Albeniz, Ibai Fresnedo<\/p>\n<p class=\"p1\"><b>Eko<\/b><\/p>\n<p class=\"p2\">Hiruki Larroxa Kooperatiba<\/p>\n<p>[\/vc_column_text][\/vc_column_inner][vc_column_inner width=&#8221;3\/4&#8243;][vc_column_text]<\/p>\n<h2 class=\"p1\"><b>Armairutik plazara<\/b><\/h2>\n<p class=\"p1\"><span class=\"s1\">People have history. A partial story, since the history of LGTBIQ+ people is not usually part of people\u2019s popular history\u2026 until now. This documentary collects the voices of people with LGTBIQ+ experience in Hernani, the violence and resistance of the sex-generic dissidents, thus expanding and recognizing the collective memory of which we are part and the one that shapes us.\u00a0<\/span><\/p>\n<p>[\/vc_column_text][\/vc_column_inner][\/vc_row_inner][vc_row_inner][vc_column_inner width=&#8221;1\/4&#8243;][vc_single_image image=&#8221;9177&#8243; img_size=&#8221;full&#8221;][vc_column_text]<\/p>\n<p class=\"p1\"><b>Zuz<\/b><\/p>\n<p class=\"p1\">Diego A. Collat<\/p>\n<p class=\"p1\"><b>Eko<\/b><\/p>\n<p class=\"p1\">Markel Ganboa Melero<\/p>\n<p>[\/vc_column_text][\/vc_column_inner][vc_column_inner width=&#8221;3\/4&#8243;][vc_column_text]<\/p>\n<h2 class=\"p1\"><b>Jaula de vapor<\/b><\/h2>\n<p class=\"p1\"><span class=\"s1\">Christmas eve: An accidental encounter in a gay sauna. Between the vapors desires, party, frustrations, sexual attractions, power and many other issues mix together. What begins as a night of peace and good omens will soon become a love triangle of which none of the three protagonists will be able to leave.<\/span><\/p>\n<p>[\/vc_column_text][\/vc_column_inner][\/vc_row_inner][vc_row_inner][vc_column_inner width=&#8221;1\/4&#8243;][vc_single_image image=&#8221;9178&#8243; img_size=&#8221;full&#8221;][vc_column_text]<\/p>\n<p class=\"p1\"><b>Zuz<\/b><\/p>\n<p class=\"p1\">Iv\u00e1n Ar\u00e1nega Tortosa<\/p>\n<p class=\"p1\"><b>Eko<\/b><\/p>\n<p class=\"p1\">Iv\u00e1n Ar\u00e1nega Tortosa<\/p>\n<p>[\/vc_column_text][\/vc_column_inner][vc_column_inner width=&#8221;3\/4&#8243;][vc_column_text]<\/p>\n<h2 class=\"p1\"><b>Masculinidades encontradas<\/b><\/h2>\n<p class=\"p1\"><span class=\"s1\">Through hundreds of photographs found in half-world trails and landfills as in current histories, <i>Masculinidades encontradas<\/i> searches for the consequences of masculinity stereotypes on a social and personal level.<\/span><\/p>\n<p>[\/vc_column_text][\/vc_column_inner][\/vc_row_inner][vc_row_inner][vc_column_inner width=&#8221;1\/4&#8243;][vc_single_image image=&#8221;9179&#8243; img_size=&#8221;full&#8221;][vc_column_text]<\/p>\n<p class=\"p1\"><b>Zuz<\/b><\/p>\n<p class=\"p2\">Sonia Mart\u00ed Gallego<\/p>\n<p class=\"p1\"><b>Eko<\/b><\/p>\n<p class=\"p2\">Gema Arquero<\/p>\n<p>[\/vc_column_text][\/vc_column_inner][vc_column_inner width=&#8221;3\/4&#8243;][vc_column_text]<\/p>\n<h2 class=\"p1\"><b>Maya<\/b><\/h2>\n<p class=\"p1\"><span class=\"s1\">Maya (26) prepares to visit her girlfriend Ruth (23) in her small town in Spain, when she receives unexpected news: Ruth has died in an accident. The hard knock along with the anxiety of presenting herself as the \u201cguiri bride\u201d in front of family and friends, turns to bewilderment upon seeing that no one knows who she is. Completely lost, she discovers a new Ruth for herself.<\/span><\/p>\n<p>[\/vc_column_text][\/vc_column_inner][\/vc_row_inner][vc_row_inner][vc_column_inner width=&#8221;1\/4&#8243;][vc_single_image image=&#8221;9181&#8243; img_size=&#8221;full&#8221;][vc_column_text]<\/p>\n<p class=\"p1\"><b>Zuz\u00a0<\/b><\/p>\n<p class=\"p2\">Irene Bailo Carrami\u00f1ana<\/p>\n<p class=\"p1\"><b>Eko\u00a0<\/b><\/p>\n<p class=\"p2\">Jos\u00e9 Alberto Andr\u00e9s Lacasta &#8211; Du Cardelin; Odile M\u00e9ndez-Bonito Magniez &#8211; Corpus Films<\/p>\n<p>[\/vc_column_text][\/vc_column_inner][vc_column_inner width=&#8221;3\/4&#8243;][vc_column_text]<\/p>\n<h2 class=\"p1\"><b>Queer-Me<\/b><\/h2>\n<p class=\"p1\"><span class=\"s1\">The summer of 2015 celebrates many things. I lived with friends in a transfeminist squat in Toulouse. The TDB was a landmark for the queer community. Queer-Me shows the euphoria of those months, my transformation and the personal journey that took me to that place that changed my life.<\/span><\/p>\n<p>[\/vc_column_text][\/vc_column_inner][\/vc_row_inner][vc_separator color=&#8221;custom&#8221; accent_color=&#8221;#e18ee2&#8243;][\/vc_column][\/vc_row][vc_column][\/vc_column]<\/p>\n<\/div>","protected":false},"excerpt":{"rendered":"<p>[vc_row][vc_column][vc_single_image image=&#8221;9173&#8243; img_size=&#8221;full&#8221; alignment=&#8221;center&#8221;][\/vc_column][\/vc_row][vc_row][vc_column][vc_column_text] ZG\/PRO WIP 2023 will present two important matters before the pitching sessions. To start, DAMA\u2014Spanish management entity specialized in the collection, management and distribution of rights of audiovisual media authors\u2014will present a master class about the relationship between rights management and film production. Secondly, the First Report on Sexual, Identity and [&hellip;]<\/p>\n","protected":false},"author":1,"featured_media":0,"parent":0,"menu_order":0,"comment_status":"closed","ping_status":"closed","template":"","meta":{"footnotes":""},"class_list":["post-9172","page","type-page","status-publish","hentry"],"_links":{"self":[{"href":"https:\/\/zinegoak.com\/en\/wp-json\/wp\/v2\/pages\/9172","targetHints":{"allow":["GET"]}}],"collection":[{"href":"https:\/\/zinegoak.com\/en\/wp-json\/wp\/v2\/pages"}],"about":[{"href":"https:\/\/zinegoak.com\/en\/wp-json\/wp\/v2\/types\/page"}],"author":[{"embeddable":true,"href":"https:\/\/zinegoak.com\/en\/wp-json\/wp\/v2\/users\/1"}],"replies":[{"embeddable":true,"href":"https:\/\/zinegoak.com\/en\/wp-json\/wp\/v2\/comments?post=9172"}],"version-history":[{"count":12,"href":"https:\/\/zinegoak.com\/en\/wp-json\/wp\/v2\/pages\/9172\/revisions"}],"predecessor-version":[{"id":9228,"href":"https:\/\/zinegoak.com\/en\/wp-json\/wp\/v2\/pages\/9172\/revisions\/9228"}],"wp:attachment":[{"href":"https:\/\/zinegoak.com\/en\/wp-json\/wp\/v2\/media?parent=9172"}],"curies":[{"name":"wp","href":"https:\/\/api.w.org\/{rel}","templated":true}]}}

<div class="wpb-content-wrapper"><p>[vc_row][vc_column][vc_single_image image=&#8221;9173&#8243; img_size=&#8221;full&#8221; alignment=&#8221;center&#8221;][/vc_column][/vc_row][vc_row][vc_column][vc_column_text]</p>
<p class="p1">ZG/PRO WIP 2023 will present two important matters before the pitching sessions.</p>
<p class="p1">To start, DAMA—Spanish management entity specialized in the collection, management and distribution of rights of audiovisual media authors—will present a master class about the relationship between rights management and film production.</p>
<p class="p1">Secondly, the <i>First Report on Sexual, Identity and Gender Diversity in Contemporary Basque Audiovisual</i>—made by Zinegoak Elkartea Association for the Directorate of Cultural Promotion of the Basque Government—will be presented. It is a basic tool to to carry out a realistic diagnosis of LGTBIQ+ representations in audiovisual platforms and to be able to assess their future evolution.</p>
<p class="p1">After these presentations, the ZG/PRO Award selected in-production projects—granted by the Jury, made up of professionals from the film sector—will be pitched. These projects are also eligible for the Music Post-Production Award, awarded by Music Library &amp; SFX, which consists of a flat fee with access to the AudioNetwork and AltMusic production catalogues, as well as 360º Accord Music Supervision services; discounts on commercial music rights negotiation charges and the provision of studios and SFX. The prize will be awarded by the Jury ZG/PRO WIP 2023 consisting of €1,500 and granted by Music Library &amp; SFX.</p>
<p>[/vc_column_text][vc_separator color=&#8221;custom&#8221; accent_color=&#8221;#e18ee2&#8243;][vc_column_text]</p>
<h2 style="text-align: center;"><a href="#txostena">REPORT</a> • <a href="#epaimahaia">JURY</a> • <a href="#proiektuak">PROJECTS</a></h2>
<p>[/vc_column_text][vc_separator color=&#8221;custom&#8221; accent_color=&#8221;#e18ee2&#8243;][/vc_column][/vc_row][vc_row][vc_column][vc_custom_heading text=&#8221;First Report on Sexual, Identity and Gender Diversity in Contemporary Basque Audiovisuals<br />
&#8221; font_container=&#8221;tag:h1|font_size:40|text_align:center|color:%23ed84cf&#8221; google_fonts=&#8221;font_family:Montserrat%3Aregular%2C700|font_style:700%20bold%20regular%3A700%3Anormal&#8221; el_id=&#8221;txostena&#8221;][vc_column_text]</p>
<p class="p1"><span class="s1">For some time, Zinegoak association—responsible for the Bilbao International Gaylesbitrans Film and Performing Arts Festival—has been trying to develop a tool that brings concrete and systematized information about the representation of sexual diversity, identity and gender in audiovisual production.</span></p>
<p class="p1"><span class="s1">Thanks to the initiative of the Department of Culture and Linguistic Policy of the Basque Government, Zinegoak carried out this first study on the representation of diversity in the Basque audiovisual panorama from a gender perspective and an intersectional perspective. This will allow us to offer a first snapshot of how diversity is reflected in Basque audiovisual.</span></p>
<p class="p1"><span class="s1">This study covers the years 2020, 2021 and 2022 in order to have a larger sample and obtain a comparative framework that will allows us to observe, year after year, how this representation evolves.</span></p>
<p class="p1"><span class="s1">We hope that this tool will be useful to institutions, producers, audiovisual artists and other agents responsible for audiovisual content involved also in its production in order to carry to audiovisual platforms, storiestellers, references, and individuals, an increasingly adjusted vision of sexual diversity, identity and gender.</span></p>
<p class="p1"><span class="s1">We invite you to the presentation of this tool within the framework of the ZG/PRO professional days. You can also read it in our website.</span></p>
<p>[/vc_column_text][vc_separator color=&#8221;custom&#8221; accent_color=&#8221;#e18ee2&#8243;][/vc_column][/vc_row][vc_row][vc_column][vc_custom_heading text=&#8221;Jury&#8221; font_container=&#8221;tag:h1|font_size:40|text_align:center|color:%23ed84cf&#8221; google_fonts=&#8221;font_family:Montserrat%3Aregular%2C700|font_style:700%20bold%20regular%3A700%3Anormal&#8221; el_id=&#8221;epaimahaia&#8221;][vc_row_inner][vc_column_inner width=&#8221;1/4&#8243;][vc_single_image image=&#8221;9016&#8243; img_size=&#8221;full&#8221;][/vc_column_inner][vc_column_inner width=&#8221;3/4&#8243;][vc_column_text]</p>
<h2 class="p1"><b>Izaskun Arandia</b></h2>
<p class="p1"><span class="s1">With extensive experience in film and television production, Arandia worked for well-known media companies in the UK (TwoFour, Discovery Channel, BAFTA) before founding IZAR Films in 2010, and produced and wrote her first feature film documentary <i>“To Say Goodbye”</i></span><span class="s2"><i>,</i></span><span class="s1"> Premiered at the SSIFF &#8211; San Sebastián International Film Festival. Based in the Basque Country since 2013, Izaskun has produced and directed several short films, and has produced 7 feature length documentaries such as the multi award-winning <i>Non dago Mikel?</i> (<i>Where is Mikel?,</i> 2020). Along with Gehitu Association she directed the web series<i> Ni naiz naizena (I Am Who I Am)</i> that earned several international awards. She currently teaches at Mondragón University and Premiered her debut feature film </span><span class="s2"><i>My Way Out</i></span><span class="s1"> on March 31 2023.</span></p>
<p>[/vc_column_text][/vc_column_inner][/vc_row_inner][vc_row_inner][vc_column_inner width=&#8221;1/4&#8243;][vc_single_image image=&#8221;9013&#8243; img_size=&#8221;full&#8221;][/vc_column_inner][vc_column_inner width=&#8221;3/4&#8243;][vc_column_text]</p>
<h2 class="p1"><b>Ainhoa González Sanchiz</b></h2>
<p class="p1"><span class="s1">Head for Creative Europe Desk MEDIA Euskadi’s office from where she works in the promotion of Basque cinema. She has participated in the most important international markets of Europe and has been actively involved in organizing innovative and active presentations/workshops – important tools for education and networking – between Basque but also European film professionals.</span></p>
<p>[/vc_column_text][/vc_column_inner][/vc_row_inner][vc_row_inner][vc_column_inner width=&#8221;1/4&#8243;][vc_single_image image=&#8221;7501&#8243; img_size=&#8221;full&#8221;][/vc_column_inner][vc_column_inner width=&#8221;3/4&#8243;][vc_column_text]</p>
<h2 class="p1"><b>Priscila Robledo</b></h2>
<p class="p1"><span class="s1">Since January 2023 co-artistic director of MiX International LGTBIQ+ Film Festival and Queer Culture in Milan, she has been working for MiX Fest since 2018 as programmer, international relations manager, sponsorship manager and producer; programmer for Immaginaria film festival; producer of documentaries (<i>La Bufera</i>, 2019; <i>Le ali non sono in vendita</i>, 2021). She is also involved in the industry workshops of Milano Film Network. When she is not working for the film festival industry, she works as a legal sustainability consultant.</span></p>
<p>[/vc_column_text][/vc_column_inner][/vc_row_inner][vc_row_inner][vc_column_inner width=&#8221;1/4&#8243;][vc_single_image image=&#8221;9021&#8243; img_size=&#8221;full&#8221;][/vc_column_inner][vc_column_inner width=&#8221;3/4&#8243;][vc_column_text]</p>
<h2 class="p1"><b>Peter Stephens</b></h2>
<p class="p1"><span class="s1">Partner of Music Library &amp;SFX, sub-editor and exclusive representative for Spain of the Audio Networkproduction music catalogue. Experienced project coordinator, among his contributions stands out the management of collaborations, his involvement in ML&amp;SFX/Acorde (music supervision division) events and the development of the AltMusic catalog. Through the publishing and production company AltContent, he is co-producer of the documentary <i>My Way Out</i>, by Izaskun Arandia, released in cinemas in March 2023.</span></p>
<p>[/vc_column_text][/vc_column_inner][/vc_row_inner][vc_separator color=&#8221;custom&#8221; accent_color=&#8221;#e18ee2&#8243;][/vc_column][/vc_row][vc_row][vc_column][vc_custom_heading text=&#8221;Projects&#8221; font_container=&#8221;tag:h1|font_size:40|text_align:center|color:%23ed84cf&#8221; google_fonts=&#8221;font_family:Montserrat%3Aregular%2C700|font_style:700%20bold%20regular%3A700%3Anormal&#8221; el_id=&#8221;proiektuak&#8221;][vc_row_inner][vc_column_inner width=&#8221;1/4&#8243;][vc_single_image image=&#8221;9176&#8243; img_size=&#8221;full&#8221;][vc_column_text]</p>
<p class="p1"><b>Zuz</b></p>
<p class="p2">Egoitz Arbiol Albeniz, Ibai Fresnedo</p>
<p class="p1"><b>Eko</b></p>
<p class="p2">Hiruki Larroxa Kooperatiba</p>
<p>[/vc_column_text][/vc_column_inner][vc_column_inner width=&#8221;3/4&#8243;][vc_column_text]</p>
<h2 class="p1"><b>Armairutik plazara</b></h2>
<p class="p1"><span class="s1">People have history. A partial story, since the history of LGTBIQ+ people is not usually part of people’s popular history… until now. This documentary collects the voices of people with LGTBIQ+ experience in Hernani, the violence and resistance of the sex-generic dissidents, thus expanding and recognizing the collective memory of which we are part and the one that shapes us. </span></p>
<p>[/vc_column_text][/vc_column_inner][/vc_row_inner][vc_row_inner][vc_column_inner width=&#8221;1/4&#8243;][vc_single_image image=&#8221;9177&#8243; img_size=&#8221;full&#8221;][vc_column_text]</p>
<p class="p1"><b>Zuz</b></p>
<p class="p1">Diego A. Collat</p>
<p class="p1"><b>Eko</b></p>
<p class="p1">Markel Ganboa Melero</p>
<p>[/vc_column_text][/vc_column_inner][vc_column_inner width=&#8221;3/4&#8243;][vc_column_text]</p>
<h2 class="p1"><b>Jaula de vapor</b></h2>
<p class="p1"><span class="s1">Christmas eve: An accidental encounter in a gay sauna. Between the vapors desires, party, frustrations, sexual attractions, power and many other issues mix together. What begins as a night of peace and good omens will soon become a love triangle of which none of the three protagonists will be able to leave.</span></p>
<p>[/vc_column_text][/vc_column_inner][/vc_row_inner][vc_row_inner][vc_column_inner width=&#8221;1/4&#8243;][vc_single_image image=&#8221;9178&#8243; img_size=&#8221;full&#8221;][vc_column_text]</p>
<p class="p1"><b>Zuz</b></p>
<p class="p1">Iván Aránega Tortosa</p>
<p class="p1"><b>Eko</b></p>
<p class="p1">Iván Aránega Tortosa</p>
<p>[/vc_column_text][/vc_column_inner][vc_column_inner width=&#8221;3/4&#8243;][vc_column_text]</p>
<h2 class="p1"><b>Masculinidades encontradas</b></h2>
<p class="p1"><span class="s1">Through hundreds of photographs found in half-world trails and landfills as in current histories, <i>Masculinidades encontradas</i> searches for the consequences of masculinity stereotypes on a social and personal level.</span></p>
<p>[/vc_column_text][/vc_column_inner][/vc_row_inner][vc_row_inner][vc_column_inner width=&#8221;1/4&#8243;][vc_single_image image=&#8221;9179&#8243; img_size=&#8221;full&#8221;][vc_column_text]</p>
<p class="p1"><b>Zuz</b></p>
<p class="p2">Sonia Martí Gallego</p>
<p class="p1"><b>Eko</b></p>
<p class="p2">Gema Arquero</p>
<p>[/vc_column_text][/vc_column_inner][vc_column_inner width=&#8221;3/4&#8243;][vc_column_text]</p>
<h2 class="p1"><b>Maya</b></h2>
<p class="p1"><span class="s1">Maya (26) prepares to visit her girlfriend Ruth (23) in her small town in Spain, when she receives unexpected news: Ruth has died in an accident. The hard knock along with the anxiety of presenting herself as the “guiri bride” in front of family and friends, turns to bewilderment upon seeing that no one knows who she is. Completely lost, she discovers a new Ruth for herself.</span></p>
<p>[/vc_column_text][/vc_column_inner][/vc_row_inner][vc_row_inner][vc_column_inner width=&#8221;1/4&#8243;][vc_single_image image=&#8221;9181&#8243; img_size=&#8221;full&#8221;][vc_column_text]</p>
<p class="p1"><b>Zuz </b></p>
<p class="p2">Irene Bailo Carramiñana</p>
<p class="p1"><b>Eko </b></p>
<p class="p2">José Alberto Andrés Lacasta &#8211; Du Cardelin; Odile Méndez-Bonito Magniez &#8211; Corpus Films</p>
<p>[/vc_column_text][/vc_column_inner][vc_column_inner width=&#8221;3/4&#8243;][vc_column_text]</p>
<h2 class="p1"><b>Queer-Me</b></h2>
<p class="p1"><span class="s1">The summer of 2015 celebrates many things. I lived with friends in a transfeminist squat in Toulouse. The TDB was a landmark for the queer community. Queer-Me shows the euphoria of those months, my transformation and the personal journey that took me to that place that changed my life.</span></p>
<p>[/vc_column_text][/vc_column_inner][/vc_row_inner][vc_separator color=&#8221;custom&#8221; accent_color=&#8221;#e18ee2&#8243;][/vc_column][/vc_row][vc_column][/vc_column]</p>
</div>
